uppose 2*k - 6 = 3*t - 3*k, 5*k - 8 = 4*t. Calculate the remainder when m(-2) is divided by ((-3)/(-6))/(t/(-52)).
11
Suppose -3*d + 12 = -27. Calculate the remainder when d is divided by 4.
1
Let q = -7 - -18. Calculate the remainder when q is divided by 7.
4
Let i(t) = 5*t. Let g be i(1). Suppose l - 6*l = 5*n + 10, g*l = -20. Let s(m) = 4*m**2. Calculate the remainder when s(1) is divided by n.
0
Suppose -5*i = -7*i - v + 23, -2*i = -4*v - 48. What is the remainder when 53 is divided by i?
11
Let h be (14/(-5))/(10/(-25)). Let x = h - 0. Calculate the remainder when 13 is divided by x.
6
Suppose 72 = 3*n + t - 111, -3*n = 4*t - 183. What is the remainder when n is divided by 21?
19
Let y = 71 - 45. What is the remainder when 49 is divided by y?
23
Suppose 31 = 5*o + 2*p, 0 = 5*o - 2*o + 3*p - 24. Calculate the remainder when (-2)/(-4)*(28 + 8) is divided by o.
3
Suppose -g - 3*p = -9, 4*g + 7 = 2*p + 71. What is the remainder when 56 is divided by g?
11
Suppose -5*x = -4*b + 77, 0 = -4*b + 2*x + 69 + 17. Suppose b = 2*l - 5. What is the remainder when 39 is divided by l?
11
Let f(i) = 5*i**2 + 4*i - 2. Let v(b) = 3*b**3 + 2*b. What is the remainder when v(2) is divided by f(-2)?
8
Suppose 0 - 10 = m - 4*v, 3*v = 5*m + 33. Let j(a) = 2*a**2 + 9*a + 2. Let i be j(m). Suppose 0 = 3*g - 28 - i. Calculate the remainder when 46 is divided by g.
14
Suppose 4*i = 14 + 70. Calculate the remainder when i is divided by 12.
9
Suppose -30 = -c + 4*c. Let m = c - -16. Calculate the remainder when 16 is divided by m.
4
What is the remainder when -5*1*(-8 - 7) is divided by 19?
18
Suppose 5*x - 4*z - 212 = 0, x - z = -2*z + 46. Calculate the remainder when 86 is divided by x.
42
Let c(y) = y - 9. Let q be c(5). Let t = 1 - q. Suppose 8 = t*m - 12. What is the remainder when m is divided by 2?
0
Let p(z) = -z**2 + 15*z - 25. Calculate the remainder when 3 is divided by p(13).
0
Let f(n) = -14*n - 4. Calculate the remainder when f(-3) is divided by 10.
8
Let f be (5/(-3))/((-1)/3). Suppose 3*p - 10 = f. Suppose p*w = -4*n + 117, 6*n + 33 = w + 2*n. What is the remainder when w is divided by 13?
12
Let s be 0 - -4 - (-8 + 6). Suppose -s*h = -5*h - 23. Calculate the remainder when h is divided by 12.
11
Suppose 5*x - 12 - 3 = 0. Let p = 24 - 19. What is the remainder when p is divided by x?
2
Let u = -144 - -152. Suppose 4*m = -m + 70. What is the remainder when m is divided by u?
6
Let t(s) = -s**2 + 7*s + 4. Calculate the remainder when 38 is divided by t(6).
8
Calculate the remainder when 21 is divided by (-5 + (-78)/(-18))*(0 + -3).
1
What is the remainder when 22 is divided by 3/(-9)*-3*13?
9
Let h(l) = -32*l**3 + l + 1. Let k(f) = f. Let v be k(2). Suppose 44 = 2*d + v*d. Calculate the remainder when h(-1) is divided by d.
10
Let y(a) = -5*a + 4. What is the remainder when y(-8) is divided by 9?
8
Let q = 4 + -3. Let n be 2 + -7 + 2 + -3. Let o(m) = m**2 + 7*m + 7. What is the remainder when q is divided by o(n)?
0
What is the remainder when 252 is divided by (((-102)/(-24))/(1/(-24)))/(-2)?
48
Let d(q) = 2*q**2 - 13*q + 27. What is the remainder when d(9) is divided by 15?
12
Let d(q) be the second derivative of -q**5/20 + 5*q**4/6 - 5*q**2/2 - 2*q. Let g be d(10). Let y = 14 + g. What is the remainder when y is divided by 4?
1
Let c = 21 + -14. Let j = -29 - -66. What is the remainder when j/3 + (-26)/(-39) is divided by c?
6
Suppose 5*g = 3*s - 304, 0*g + 288 = 3*s + 3*g. What is the remainder when s is divided by 25?
23
Let h = -80 + 108. Calculate the remainder when 52 is divided by h.
24
Let u be -1*(-7 - -3 - 6). Suppose 4*o - 6*o = -u. Calculate the remainder when o is divided by 2.
1
Let l(x) = -2*x - 12. Let v be l(-11). Let z(a) = a - 3. Calculate the remainder when 25 is divided by z(v).
4
Let j be 27/(-12) - 2/(-8). What is the remainder when ((-68)/6)/(j/3) is divided by 6?
5
Let h(x) = -x**3 - 9*x**2 - x + 7. Let t = 14 - 23. What is the remainder when 47 is divided by h(t)?
15
Let s(t) = 4*t - 9. Calculate the remainder when 66 is divided by s(8).
20
Let k(s) = -s**2 + 7*s. Let h(n) = -n**2 + 8*n - 1. Let a(w) = -2*h(w) + 3*k(w). What is the remainder when 17 is divided by a(4)?
5
What is the remainder when (-3)/(-2)*(-224)/(-6) is divided by 2/(-4) + (-31)/(-2)?
11
What is the remainder when 9/(-12) - (-51)/4 is divided by 2?
0
Let a(x) = -70*x. Let h be a(-1). Suppose -5*k - 3*t + h = -0*k, -3*k + 18 = -3*t. What is the remainder when k is divided by 3?
2
Let x = -11 + 19. Let j = 22 - x. Calculate the remainder when j is divided by 4.
2
Suppose -6*s + 7*s - 26 = 0. Suppose -h = 7 - 26. Let n = -5 + h. Calculate the remainder when s is divided by n.
12
Suppose -2*t - 3*m = -11, -2*t + 1 + 4 = -3*m. Let g be 28/8*t/7. Suppose -g*x + 0*x = -62. What is the remainder when x is divided by 11?
9
Suppose 1 = -4*y - x + 20, -5 = 5*x. Calculate the remainder when 8 is divided by y.
3
What is the remainder when 54 is divided by -2*(-50)/8 - 39/(-26)?
12
Suppose -3*l - 3 = 0, 7*k - 2*k + 3*l - 422 = 0. Calculate the remainder when k is divided by 11.
8
Let c(d) = 3*d**3 - 4*d**2 - 20*d + 35. Let l(k) = -k**3 + k**2 + 7*k - 12. Let j(r) = -6*c(r) - 17*l(r). What is the remainder when 2 is divided by j(7)?
0
Let s be 4/10 + 4/(-10). Suppose s = -6*u + u + 40. Calculate the remainder when 30 is divided by u.
6
Let d(k) = -k**3 - 6*k**2 + 9*k + 10. Let x be d(-7). Let c(j) = j**2 + 3*j + 1. Let o = -2 - -4. Calculate the remainder when c(x) is divided by o.
1
Suppose 2*f - 3*f + 12 = 0. Let s = 5 - -17. Let d = -15 + s. Calculate the remainder when f is divided by d.
5
Calculate the remainder when 96 is divided by ((-27)/81)/(1/(-153)).
45
Suppose 2*v - 2 = -2*r, 0 = -0*v + 5*v + 10. Calculate the remainder when 18 is divided by r.
0
Let d(w) = 38*w**2 - 1. Let h be d(4). Suppose h - 207 = 5*t. What is the remainder when t is divided by 6/(-9)*162/(-4)?
26
Let a be (2/4)/(5/20). Let k(x) = -4*x - a + x**2 + 2*x + 5*x + x. Calculate the remainder when k(6) is divided by 20.
18
What is the remainder when (-34)/(-1) + (2 - 3) is divided by 17?
16
What is the remainder when (-6)/(-24)*28*1 is divided by 1/((-1 - 0)/(-3))?
1
Let j be (-2)/12 - (-111)/18. Let v(b) = -b**2 + 6*b + 4. Calculate the remainder when v(j) is divided by 2.
0
Suppose 5*o - o + 90 = -2*z, -4*o + 2*z = 78. Let b = 2 - o. Suppose -w = -2*w + b. Calculate the remainder when w is divided by 12.
11
Suppose 20 = 2*r + 4. Let y = 38 + r. Let g = y - 29. Calculate the remainder when g is divided by 9.
8
Let s(n) = n. Let q be s(2). Suppose -2*r = 2*r - q*w - 44, 4*r + 3*w - 54 = 0. Suppose 2*i = 67 - 23. Calculate the remainder when i is divided by r.
10
Suppose 34 = 4*z - 30. What is the remainder when 285 is divided by z?
13
Let v = 104 + -86. Calculate the remainder when v is divided by 11.
7
Suppose 0 = -m - 6 + 62. Calculate the remainder when m is divided by 19.
18
Let m = -6 - -18. Let l be (-13 + 15)/(2/4). Suppose 3*j = l*y - 34, -3*y + 5*j + 45 = 2*y. Calculate the remainder when m is divided by y.
5
Let h(s) be the second derivative of 0 + 1/12*s**4 + 5/6*s**3 + s**2 + s. Calculate the remainder when 15 is divided by h(-6).
7
Suppose 5*g + x + 4*x - 80 = 0, -2*g - 5*x + 26 = 0. Calculate the remainder when 63 is divided by g.
9
Suppose -7 = 4*m - 87. What is the remainder when m is divided by 7/3*(-9)/(-3)?
6
Calculate the remainder when (139/2)/((-1)/(-2)) is divided by 28.
27
Let x = 51 + -36. What is the remainder when x is divided by 9?
6
Let i(b) = 2*b**2 + 26*b + 19. What is the remainder when i(-16) is divided by 30?
25
Let b = 46 + -20. Suppose -b = -5*s + 9. What is the remainder when 20 is divided by s?
6
Let d = 11 - 4. Suppose 69 - 14 = 5*t. What is the remainder when t is divided by d?
4
Suppose 60 = 5*u - u - 3*q, -3*q = 4*u - 84. Calculate the remainder when 71 is divided by u.
17
Let g(f) = 4*f**2 + f - 3. Let b be g(-3). Suppose -3*n + 0*n = -b. What is the remainder when 28 is divided by n?
8
Suppose -5*a + 11*a = 42. Let g = 24 - 13. What is the remainder when g is divided by a?
4
Suppose -4*d = 0, x - 3*d = 12 - 0. Suppose -4*u - 5*l = -102, -2*u = u + 4*l - 77. Let i = u - -12. Calculate the remainder when i is divided by x.
11
Let s(v) = -1 + 4 - 2*v +